
2, 3, 7, 17, 1753
What are the prime factors of 6743477341?
23, 269, 1089943
List the prime factors of 129463042.
2, 64731521
List the prime factors of 5221743765.
3, 5, 7, 49730893
What are the prime factors of 5146557319?
1153, 1373, 3251
List the prime factors of 56460.
2, 3, 5, 941
List the prime factors of 605553842.
2, 302776921
List the prime factors of 16584251.
37, 59, 71, 107
List the prime factors of 4336556.
2, 7, 154877
What are the prime factors of 11328252?
2, 3, 13, 72617
List the prime factors of 33521033.
7, 13, 368363
What are the prime factors of 683076908?
2, 23, 1093, 6793
What are the prime factors of 59306134?
2, 29653067
What are the prime factors of 245688402?
2, 3, 137, 257, 1163
List the prime factors of 3984380698.
2, 71, 28059019
List the prime factors of 304381653.
3, 19, 31, 172259
What are the prime factors of 200193744?
2, 3, 4170703
What are the prime factors of 479211160?
2, 5, 19, 53, 11897
What are the prime factors of 974787510?
2, 3, 5, 32492917
What are the prime factors of 1589179818?
2, 3, 659, 401917
List the prime factors of 15274237.
11, 863, 1609
What are the prime factors of 233785975?
5, 19, 577, 853
What are the prime factors of 235664024?
2, 29458003
What are the prime factors of 2850073831?
11, 809, 320269
List the prime factors of 1646643671.
37, 337, 132059
What are the prime factors of 3291605173?
41, 1163, 69031
What are the prime factors of 40835993?
11, 3712363
What are the prime factors of 74134164?
2, 3, 13, 475219
What are the prime factors of 3385912285?
5, 7, 96740351
List the prime factors of 915763276.
2, 17, 29, 464383
List the prime factors of 38210518.
2, 433, 44123
List the prime factors of 602049123.
3, 13, 5145719
What are the prime factors of 773188678?
2, 386594339
List the prime factors of 71343830.
2, 5, 53, 227, 593
List the prime factors of 2826142.
2, 11, 128461
What are the prime factors of 4450153886?
2, 17, 853, 153443
What are the prime factors of 5061167640?
2, 3, 5, 359, 39161
List the prime factors of 80746411.
29, 2784359
What are the prime factors of 213082013?
213082013
What are the prime factors of 47509817?
2657, 17881
List the prime factors of 5240204.
2, 67, 19553
What are the prime factors of 28682105?
5, 631, 9091
What are the prime factors of 3409579665?
3, 5, 149, 508513
What are the prime factors of 885829132?
2, 17, 883, 14753
What are the prime factors of 46861379?
97, 419, 1153
What are the prime factors of 46563659?
41, 1135699
List the prime factors of 1112709837.
3, 1993, 186103
List the prime factors of 1615964957.
1615964957
List the prime factors of 16923343.
16923343
What are the prime factors of 4093468?
2, 1023367
What are the prime factors of 1237646742?
2, 3, 593, 347849
What are the prime factors of 191033650?
2, 5, 3820673
List the prime factors of 3046331090.
2, 5, 11, 103, 24443
List the prime factors of 385220182.
2, 163, 433, 2729
List the prime factors of 189211480.
2, 5, 4730287
List the prime factors of 729864083.
13, 23, 29, 41, 2053
What are the prime factors of 3503060332?
2, 875765083
List the prime factors of 14433266.
2, 7216633
List the prime factors of 13316591.
13316591
List the prime factors of 292902664.
2, 3347, 10939
What are the prime factors of 6648606?
2, 3, 431, 857
List the prime factors of 2684687741.
3733, 719177
List the prime factors of 657962156.
2, 164490539
List the prime factors of 193271064.
2, 3, 7, 1150423
What are the prime factors of 57999505?
5, 601, 19301
List the prime factors of 78837374.
2, 7, 11, 73133
What are the prime factors of 68943751?
3517, 19603
List the prime factors of 42213206.
2, 7, 430747
List the prime factors of 102098524.
2, 11, 2320421
List the prime factors of 865994211.
3, 151, 637229
List the prime factors of 66024295.
5, 251, 52609
List the prime factors of 5607108949.
13, 179, 1481, 1627
List the prime factors of 122099807.
122099807
List the prime factors of 311194302.
2, 3, 29, 1788473
What are the prime factors of 163163484?
2, 3, 11, 17, 2693
List the prime factors of 2370823189.
7, 43, 53, 353, 421
What are the prime factors of 724710915?
3, 5, 5368229
List the prime factors of 138286.
2, 69143
What are the prime factors of 1239201499?
73, 16975363
List the prime factors of 5580161549.
17, 37, 2203, 4027
What are the prime factors of 634229607?
3, 11, 103, 16963
What are the prime factors of 47207219?
113, 417763
List the prime factors of 3037082888.
2, 7, 54233623
List the prime factors of 130488576.
2, 3, 131, 1297
What are the prime factors of 8850183193?
22741, 389173
What are the prime factors of 112064494?
2, 509, 110083
What are the prime factors of 3123581772?
2, 3, 151, 271, 6361
List the prime factors of 28753620.
2, 3, 5, 7, 223, 307
List the prime factors of 33871085.
5, 6774217
List the prime factors of 66127363.
66127363
List the prime factors of 5474391109.
11, 497671919
List the prime factors of 1080986781.
3, 7, 53, 971237
List the prime factors of 23894577.
3, 7, 79, 4801
List the prime factors of 338619845.
5, 61, 1110229
List the prime factors of 727658203.
61, 1061, 11243
List the prime factors of 205181078.
2, 102590539
What are the prime factors of 72775872?
2, 3, 13, 9719
List the prime factors of 49104097.
7, 71, 98801
What are the prime factors of 81803784?
2, 3, 67, 50873
List the prime factors of 2908731464.
2, 89, 157, 26021
List the prime factors of 223680103.
19, 29, 67, 73, 83
List the prime factors of 24787934.
2, 12393967
What are the prime factors of 75496386?
2, 3, 7, 19, 89, 1063
What are the prime factors of 222685176?
2, 3, 7, 17, 103, 757
List the prime factors of 38501174.
2, 19250587
What are the prime factors of 155011013?
151, 1026563
What are the prime factors of 912673733?
521, 1751773
What are the prime factors of 336714402?
2, 3, 3593, 15619
What are the prime factors of 65077832?
2, 233, 34913
List the prime factors of 2079194448.
2, 3, 3989, 10859
List the prime factors of 2535815335.
5, 19, 751, 35543
What are the prime factors of 30852694?
2, 19, 29, 27997
What are the prime factors of 5231570?
2, 5, 47, 11131
What are the prime factors of 139140537?
3, 103, 450293
List the prime factors of 44347919.
7, 11, 19, 30313
List the prime factors of 62377186.
2, 73, 427241
What are the prime factors of 328725059?
13, 73, 346391
What are the prime factors of 22489941?
3, 829, 9043
List the prime factors of 17075291.
17075291
List the prime factors of 61393591.
7, 2441, 3593
What are the prime factors of 631467703?
17, 2969, 12511
What are the prime factors of 58879584?
2, 3, 204443
List the prime factors of 6026242.
2, 431, 6991
List the prime factors of 43738162.
2, 13, 1682237
What are the prime factors of 568321982?
2, 4073, 69767
List the prime factors of 172687303.
53, 739, 4409
What are the prime factors of 141523106?
2, 5393, 13121
List the prime factors of 465607835.
5, 7, 11, 157, 7703
What are the prime factors of 56991782?
2, 28495891
What are the prime factors of 1123605097?
10111, 111127
List the prime factors of 19419058.
2, 43, 349, 647
List the prime factors of 4054367343.
3, 13, 23, 4519919
What are the prime factors of 21890029?
7, 3127147
What are the prime factors of 5860399435?
5, 11, 787, 135391
List the prime factors of 479893698.
2, 3, 26660761
What are the prime factors of 417241472?
2, 17, 191747
List the prime factors of 2067667383.
3, 577, 1194493
List the prime factors of 1027278790.
2, 5, 167, 615137
List the prime factors of 1116137828.
2, 13, 21464189
What are the prime factors of 394739204?
2, 601, 164201
List the prime factors of 6390157084.
2, 353, 4525607
List the prime factors of 290506093.
290506093
List the prime factors of 3399379056.
2, 3, 7868933
List the prime factors of 366022588.
2, 91505647
List the prime factors of 1159538894.
2, 1031, 562337
What are the prime factors of 217945039?
13, 547, 30649
What are the prime factors of 743203685?
5, 7, 21234391
List the prime factors of 135459316.
2, 359, 94331
List the prime factors of 411863521.
61, 6751861
List the prime factors of 391142654.
2, 7, 27938761
List the prime factors of 17309199.
3, 1669, 3457
List the prime factors of 274783242.
2, 3, 73, 131, 4789
List the prime factors of 67447764.
2, 3, 1873549
List the pri